d x.
5
Let h be 14/5 + 12/(-15). Let m(z) = -1 - 3 - 4 - 2*z. Let a be m(-7). What is the highest common divisor of h and a?
2
Suppose -4*x = -274 - 518. What is the highest common divisor of 22 and x?
22
Suppose -l - 3*s + 13 = 0, -8 = 3*s + 4. Calculate the highest common divisor of 25 and l.
25
Let r = 88 + -40. Calculate the greatest common divisor of 24 and r.
24
Let r = 12 - -48. What is the greatest common divisor of r and 24?
12
Let w(q) = 2*q**2 + 2*q. Let n be w(-7). Suppose -n = -3*c + p, -p - 4*p + 39 = 2*c. Let o = c + -10. Calculate the greatest common factor of 187 and o.
17
Let q be (2 + -9)/(2/(-28)). What is the highest common divisor of 14 and q?
14
Let n(w) = w**2 - w + 14. Let i be n(0). Calculate the highest common divisor of i and 126.
14
Suppose 0 = -21*f + 24*f - 198. Calculate the greatest common factor of 99 and f.
33
Suppose 13 = 15*l - 14*l. Let x be 197/5 + (-2)/5. What is the highest common divisor of l and x?
13
Suppose -10 = -15*z + 10*z. Suppose 0 = d + 2*d + 15, 0 = 3*i - d - 20. What is the greatest common factor of i and z?
1
Suppose -4*x - 64 = -3*u - u, 2*u - 38 = 5*x. Let p be ((-105)/4)/(625/80 - 8). What is the greatest common divisor of p and u?
14
Let o(l) = 11*l. Let i be o(3). Calculate the highest common divisor of i and 11.
11
Let f = -40 - -62. What is the greatest common divisor of 88 and f?
22
Let r(y) = -y**2 - 4*y + 6. Let k be r(-5). Let n = 1 - -1. Let u be (-1 + 3)/(-2) + n. Calculate the highest common divisor of u and k.
1
Let b be 2/5*(53 + -8). Calculate the highest common divisor of 126 and b.
18
Suppose 8 = 2*k, -x - 2*k - 3*k + 65 = 0. Calculate the highest common divisor of 18 and x.
9
Let g(u) = -u**2 - 10*u + 27. Let i be g(-11). What is the highest common factor of 128 and i?
16
Let j be (-2)/9 - 3/(108/(-13076)). What is the highest common divisor of j and 33?
33
Let s be 6*(-1 - 5/(-3)). Let x be -2 - (-2 + 0) - -12. Suppose 0*g = -3*g + x. What is the greatest common factor of g and s?
4
Suppose -408 = -0*c - 8*c. Calculate the highest common factor of c and 17.
17
Suppose -6 + 2 = -4*t. Calculate the highest common factor of t and 2.
1
Let l(m) = -m**3 + 11*m**2 - 11*m + 14. Let x be l(10). Suppose x*d - 78 = d. Calculate the greatest common divisor of 13 and d.
13
Let x(w) be the first derivative of -3*w**2/2 + 17*w - 5. Let l be x(-9). Let a be -1 + 1 + (0 - -110). Calculate the greatest common divisor of l and a.
22
Let w be 28/(-70) + 72/5. What is the greatest common divisor of 56 and w?
14
Let v(m) = -47*m + 7. Let r be v(-5). Let x = r - 121. Suppose -5*g + 11 = -4*g. Calculate the greatest common divisor of g and x.
11
Let p(v) = v**2 - 7*v - 4. Let c be p(9). Calculate the highest common divisor of 42 and c.
14
Suppose 5*c - 82 = 3*v, -4*v + 8 = -6*v. Let u be (-460)/6 - 2/(-3). Let z = 50 - u. What is the highest common factor of z and c?
14
Suppose 3*h - 164 = -44. Let v = -1 - -6. Calculate the highest common factor of h and v.
5
Let k = 4 + -7. Let n = -3 - k. Suppose -2*u - 2 = -0*u, n = -3*i + 3*u + 48. Calculate the greatest common factor of i and 10.
5
Let s = 22 + -17. Calculate the highest common divisor of 40 and s.
5
Let k = -38 - -64. What is the greatest common factor of k and 4?
2
Let p be ((-4)/(-3))/(18/189). Let j = -84 - -182. What is the greatest common factor of j and p?
14
Let m(f) = f**3 + 3*f**2 - 6*f + 8. Let r be m(2). What is the greatest common divisor of r and 176?
16
Let d(y) = -y - 5. Let m be d(-6). Let f = -9 + 10. Calculate the highest common divisor of m and f.
1
Suppose 88 = 2*x - 4*h, 5*x = 4*x - 4*h + 14. Calculate the greatest common divisor of 170 and x.
34
Let b = 196 + -116. Calculate the highest common factor of 16 and b.
16
Suppose 5*l - 79 = 1. Let m = 59 - -110. Suppose -2*z + 68 = -0*z + 4*x, -3*x - m = -4*z. Calculate the greatest common divisor of l and z.
8
Let y be (0 - -7) + 1 + -3. Suppose -3*d = h - 0 - 1, -h = -d - y. Suppose h*w - 118 = -30. Calculate the highest common factor of w and 11.
11
Suppose 8*p - 66 = 2*p. Let d be 1/(1/(-2 - -9)). Suppose d = a - 15. What is the greatest common factor of p and a?
11
Suppose 5*w + 82 = 4*d, d - 3*w - 22 = -w. What is the highest common factor of d and 45?
9
Let n(m) = m + 6. Suppose 0*i - 15 = -3*i. Let l be n(i). Suppose l = 2*w - 5. Calculate the greatest common divisor of w and 24.
8
Let n be (-267)/(-15) + 1/5. What is the highest common factor of 18 and n?
18
Suppose -w = 2*w - 15. Suppose 3*j + 309 = 3*d, 0*j = w*j - 25. Calculate the highest common factor of d and 12.
12
Let u(y) = 16 + y - 2 - 4*y**2 + 3*y**2 + 2*y**2. Let p be u(0). Calculate the highest common factor of p and 98.
14
Let m be (1/2)/(6/60). What is the greatest common divisor of m and 2?
1
Let l = 5 + 16. Suppose -126 = 5*o - 8*o. What is the highest common factor of l and o?
21
Let d be (-3 + 3)*2/(-8). Suppose u + d = 6. Calculate the greatest common divisor of 42 and u.
6
Suppose 0 = 5*h - 2*h + 15, 2*p = 2*h - 14. Let x be 1 + 4/(p/(-57)). What is the highest common divisor of 4 and x?
4
Let a = 71 + -21. What is the highest common divisor of 20 and a?
10
Suppose 4*i = 5*i. Suppose -5*q + 109 + 116 = 3*a, 2*a - 5*q - 150 = i. Let w = -29 + 44. Calculate the greatest common divisor of a and w.
15
Suppose 2*h - 54 = 16. Calculate the highest common factor of h and 14.
7
Suppose -2*o = -0*o - 8. Suppose 748 - 248 = o*w. What is the highest common divisor of w and 25?
25
Suppose -3*d = 2*t - 4*t - 41, t = -3*d + 29. What is the highest common divisor of d and 44?
11
Let s = 191 - 62. Let w = -17 + s. Calculate the greatest common divisor of 16 and w.
16
Let p(o) = o**3 + 10*o**2 + 6*o - 6. Let h be 0 + -5 + (1 - 3). Let l be p(h). Calculate the highest common divisor of 11 and l.
11
Let z(q) = -161*q. Let k be z(1). Let r = -782 - -552. Let c = k - r. What is the greatest common factor of 46 and c?
23
Suppose -3*a - q = -0*q - 18, -3*a + 3 = -4*q. Suppose -2*o = 2*n - 28, -a*n + 3*o - 7 + 69 = 0. Calculate the greatest common divisor of 13 and n.
13
Suppose -5*a = -w + 55, -2*w - 4 = -a - 6. Let r(f) = -f + 2. Let i be r(a). What is the greatest common factor of i and 42?
14
Suppose -9*i + 282 + 258 = 0. What is the highest common divisor of i and 12?
12
Let r(a) = -2*a**3 + 5*a**2 - a + 5. Let p be r(4). Let n = p - -69. What is the highest common divisor of 22 and n?
22
Let z(q) = -6*q + 10*q**2 - q**3 - 3*q - 2*q + 0*q**3 + 5. Let u be (-50)/(-6) + (-1)/3. Let b be z(u). What is the highest common factor of b and 30?
15
Suppose -190 = 3*c - 8*c. Calculate the greatest common divisor of 19 and c.
19
Let p = 91 + 19. Let x = 104 + -26. Let s = p - x. What is the highest common divisor of 4 and s?
4
Suppose 0 = -3*i - 3*s + 2*s + 15, 0 = -i + 2*s + 12. Calculate the highest common divisor of i and 30.
6
Suppose 4*h - 1 = 3. Let x be (4 - 2) + -1 + h. Suppose x*i = -k + i + 12, -3*k + 2*i + 31 = 0. What is the greatest common factor of k and 33?
11
Let k(m) = m**3. Let q(t) = -3*t**3 + t**2 - 6*t + 6. Let i(x) = -2*k(x) - q(x). Let z be i(4). What is the greatest common divisor of z and 6?
6
Let v(a) = a**3 - 10*a**2 - 6*a. Let f be v(11). What is the greatest common factor of 11 and f?
11
Let t = -4 + 6. Let g(s) = -s**2 + 2. Let n be g(-1). Calculate the highest common divisor of n and t.
1
Let f(w) = -4*w - 3. Let l = 0 + 3. Let x be f(l). Let c be (-130)/x - 4/6. What is the highest common factor of 1 and c?
1
Let a(i) = i**2 + 3*i - 1. Suppose -w = w + 2. Let k(y) = -5*y - 1. Let c be k(w). Let u be a(c). What is the greatest common factor of 27 and u?
27
Let t = -13 + 19. Let w be (t/(-2))/((-5)/15). What is the highest common factor of w and 72?
9
Let v be 274/18 - 14/63. Calculate the highest common factor of 30 and v.
15
Let r be 2/5 - (-36)/(-15). Let b = 11 + r. What is the greatest common factor of 63 and b?
9
Suppose 3*s = 2*s + 12. Let y = 166 - s. Let g be (-4 - -24) + (-2)/(-1). Calculate the greatest common factor of y and g.
22
Suppose 5*s = -0 + 220. Suppose -j = -28 - 38. What is the greatest common divisor of j and s?
22
Let r(z) = z**3 + 2*z. Let k be r(-2). Let i = -8 - k. Suppose i*b - 23 = 29. Calculate the highest common divisor of 52 and b.
13
Let s = 103 - 23. 